 + 194 = -4*l. Let b = -13 - l. Calculate the greatest common factor of b and 8.
4
Suppose 3*v - 11 = 43. Let p = -80 - -119. Suppose 40 = 4*z + 5*w - 83, 2*z - 5*w - p = 0. Calculate the highest common divisor of v and z.
9
Suppose -10*b - 15 = -11*b. Suppose -n + 33 + b = 0. Calculate the greatest common factor of 6 and n.
6
Let o = 2 + 3. Suppose -x + o*a = -59, 0*x - x = -3*a - 49. Suppose 2*c = x - 2. What is the highest common divisor of c and 112?
16
Suppose -138 = -f + 37. What is the greatest common factor of f and 50?
25
Let v be 10/(-2) + (-136)/(-8). Let r = 37 + 47. Let a = r + 48. Calculate the greatest common divisor of v and a.
12
Let t = 12 - -40. Suppose 5*i - 244 = -c, -t = -i + c - 2*c. Calculate the greatest common factor of 36 and i.
12
Let p(h) = 5*h**2 + 2*h - 1. Let a be p(-2). Let w(n) = n - 11. Let l be w(a). Calculate the greatest common divisor of 6 and l.
2
Suppose -253*h = -259*h + 402. What is the greatest common factor of 469 and h?
67
Let s = 30 + -26. Suppose -s*d = -2*t + 10, -3*t = -0*d + 5*d - 26. Calculate the greatest common divisor of t and 7.
7
Suppose -m - 2*m - 36 = 0. Let g be (-243)/m*16/6. What is the greatest common divisor of g and 6?
6
Let k be -2 + -1 + 1 - -83. Let v be 9/6 - 957/(-58). What is the greatest common divisor of k and v?
9
Suppose -2*h - 2*h + a = -292, 3*h - 2*a = 224. Let c = 6747 + -6699. What is the highest common factor of h and c?
24
Suppose -43*p - 39*p = -410. Calculate the highest common factor of p and 215.
5
Let q(v) = 4*v**2 - 20*v + 65. Let i be q(4). What is the greatest common factor of i and 35?
7
Let l(o) = o**3 + 11*o**2 + 9*o - 11. Let s be l(-9). What is the highest common factor of 10 and s?
10
Suppose 4*x = 4*s - 148, -5*s = -3*x + 17 - 126. Let o = 14 + x. Let h = 8 - o. What is the greatest common factor of h and 160?
32
Suppose 0 = 3*h - 4*m - 532, 0 = -9*h + 10*h + 3*m - 173. Let o(b) = 23*b**2 - 1. Let f be o(1). Calculate the greatest common factor of h and f.
22
Let n = -38 - -62. Let m(v) = v**2 - 4*v + 1. Let z be m(6). Let a = z + -7. What is the greatest common factor of a and n?
6
Suppose 11 = 3*z - 10. Let u be 21 - (2 + 1 - 3). Let s be (-21)/16*(-28)/u*12. Calculate the highest common factor of z and s.
7
Suppose 18*q - 66 - 348 = 0. Calculate the highest common factor of q and 4531.
23
Let a be (-116)/(-8) + (-2)/((-12)/3). Let y(z) = -3*z**2 - 2 - 7 - 2*z + 5*z**2. Let f be y(4). What is the highest common divisor of a and f?
15
Let u(n) = n**2 - 15*n + 33. Let q be u(14). What is the highest common divisor of 1957 and q?
19
Let v = -13 - -13. Suppose 0 = -2*s - v*k + 5*k + 64, 3*s - 2*k = 74. Suppose 222 = 10*w + 2. Calculate the highest common divisor of w and s.
22
Suppose 3*j = -9*w + 4*w - 9, -4*w - 5*j = 2. Let k(r) = -r**2 + 3*r + 4. Let f be k(w). Let p = -4 - f. What is the highest common factor of 70 and p?
10
Let m = -1 - 5. Let h(y) = y**3 + 8*y**2 - 11*y - 14. Let o be h(m). Let t be o/10 - 18/45. What is the highest common factor of t and 8?
4
Let d = -2 - -4. Suppose -28 = -36*s + 80. Calculate the greatest common divisor of d and s.
1
Suppose 3*p + 30 = 4*p. Let s be 2/3 - (-676)/12. Let g = -51 + s. What is the greatest common divisor of p and g?
6
Let s(a) = 9*a**2 - 4*a - 4. Let k be s(4). Suppose 5*d - 44 = -k. Let f = d - -46. Calculate the highest common divisor of 20 and f.
10
Suppose 17*b - 116 = 411. Let d = 202 - 140. What is the greatest common divisor of b and d?
31
Let j be 182 + ((-2)/(-6))/((-1)/(-3)). Calculate the highest common factor of 122 and j.
61
Let k be 4/(-2)*1 + 4. Suppose v = -4*f + 159, -v + k*v - 123 = 5*f. What is the greatest common divisor of 13 and v?
13
Suppose 73 = -6*w - 83. Let o be (-9918)/(-247) + 4/w. Calculate the greatest common divisor of 10 and o.
10
Let a = 40 + -31. Let x = a + -7. Let l(o) = 11*o**2 - 1. Let c be l(-1). Calculate the greatest common factor of x and c.
2
Suppose -v + 1 = 3*f - 17, -2*f + 36 = 2*v. What is the greatest common factor of v and 144?
18
Suppose -58 = -6*v + 14. What is the greatest common factor of 16 and v?
4
Let c = 183 - 173. Let f = -70 + 150. What is the highest common factor of f and c?
10
Let b be (3438/8)/3 - 6/(-8). What is the highest common divisor of b and 9?
9
Let s(m) = m**3 - 10*m**2 + m - 8. Let a be s(10). Let x be -31 - (5 - a) - 2. Let y be (-8)/x - (-21)/27. What is the greatest common divisor of y and 9?
1
Let h be (-21)/(8 + 133/(-14)). Let w = -11 - -32. What is the highest common factor of w and h?
7
Let p(l) = 8*l**2 - 7*l + 2. Let a be p(-2). What is the highest common divisor of 60 and a?
12
Let k = -25 + 28. Suppose 5*n - n = -2*p - 370, 0 = -k*n + 3*p - 255. Let j be (2 - 4)/(9/n). Calculate the highest common factor of j and 10.
10
Let l = -18 - -27. Suppose -o + 3*o - 23 = -3*z, -o - z + l = 0. What is the highest common divisor of 2 and o?
2
Suppose 22*u - 30 = 17*u. Suppose r + u*r = 567. Calculate the greatest common factor of 9 and r.
9
Suppose -24*y - 75 = -29*y. Let a be (-5 + 2)*y/(-9). Suppose -20 = -a*s, 2*s + 20 + 12 = 2*o. What is the greatest common divisor of o and 80?
20
Let j(f) be the first derivative of f**4/4 + 4*f**3/3 - 3*f**2/2 + f + 19. Let q be j(-4). What is the highest common factor of q and 117?
13
Let t be (-2)/(-6)*120/8. Suppose -4*n + 4*r + 16 = 0, r = t*n + 4*r - 44. Let i be 317/5 + (-2)/5. Calculate the greatest common factor of i and n.
7
Suppose b + 7749 = 7759. Let a(r) = 2*r**2 - 2*r - 2. Let c be a(2). What is the greatest common divisor of b and c?
2
Let m(u) = -u**2 - 3*u + 11. Let o be m(-4). What is the greatest common divisor of 161 and o?
7
Suppose 2*d = -m - d + 7, 3*m - 49 = 5*d. Let c = m - -13. What is the highest common divisor of 78 and c?
26
Let v = -4 + 6. Let q(o) be the third derivative of o**4/8 - 14*o**3/3 + 53*o**2. Let l be q(12). Calculate the highest common divisor of l and v.
2
Let u be (-18)/(-99) + (-876)/(-22). Let o = u - -62. Calculate the highest common factor of 255 and o.
51
Let p be (-40)/8 - (-52 + 8). Suppose 0 = -3*h + r - 108, 2*r - 100 - 80 = 5*h. Let t = p + h. Calculate the greatest common factor of 6 and t.
3
Suppose 0 = -9*l + 17*l. Let s(w) = 2*w**3 - 4*w + 3. Let v be s(2). Suppose l = -v*m + 6*m + 120. Calculate the greatest common divisor of m and 36.
12
Suppose g + 23 - 8 = 0. Let s = g - -15. Suppose -3*k + 7*k - 108 = s. What is the greatest common divisor of 3 and k?
3
Suppose 5*p = -3*f - 42, -5*f - 80 = 4*p + p. Let q = 22 + f. Suppose a = -4*s + 18, -q*s + 8 = -0*s - 2*a. Calculate the highest common factor of s and 20.
4
Let b(f) = f**2 + 11*f + 4. Let o be (-1 + -5)/3 - -2. Let s(t) = -t**2 - 11. Let v be s(o). Let x be b(v). What is the highest common factor of x and 24?
4
Let l(d) = 3*d**2 + 7*d - 6. Let w be l(6). What is the greatest common factor of 240 and w?
48
Suppose -4*x = x - 140. Suppose 1008 = 11*n - 224. Calculate the greatest common factor of n and x.
28
Let v be 2*(20/50 - (-114)/(-10)). Let c be (-134)/(-6) - v/(-66). What is the highest common factor of c and 132?
22
Let k(b) = -b**2 + 6*b + 1. Let t = -10 + 15. Let w be k(t). Suppose w*l = l + 25. What is the greatest common factor of 40 and l?
5
Let m(x) = 64*x + 3. Let r be m(4). Calculate the highest common divisor of r and 37.
37
Suppose -5*i - 3872 = -37*i. Calculate the highest common factor of 132 and i.
11
Let w = -595 - -598. Calculate the greatest common divisor of 69 and w.
3
Suppose 4*y + 320 = -4*v, 4*y + 5*v + 107 + 208 = 0. Let r = -57 - y. What is the highest common divisor of r and 4?
4
Suppose -9*x + 252 - 63 = 0. Calculate the highest common divisor of x and 9.
3
Let w be 5*3*1/(-5). Let f be (2 + w)/1 + 3. Suppose x - f = -x. What is the greatest common factor of 8 and x?
1
Suppose 0 = -2*t + 4*b + 500, t = -0*t - 2*b + 266. Let p = t - 242. Let u(q) = -q + 7. Let m be u(5). Calculate the greatest common factor of p and m.
2
Let j = -88 + 473. What is the greatest common divisor of j and 35?
35
Suppose -2*h = -3*b + 5*b - 286, -h - 5*b + 143 = 0. Let w = 35 - 118. Let m = w - -96. What is the greatest common divisor of h and m?
13
Let t(k) = -k**2 + 40*k + 100. Let w be t(41). What is the greatest common factor of w and 59?
59
Let l be (